{"id":104,"date":"2022-02-26T13:06:14","date_gmt":"2022-02-26T12:06:14","guid":{"rendered":"http:\/\/domes-en-choeur.org\/?page_id=104"},"modified":"2026-03-25T12:44:37","modified_gmt":"2026-03-25T11:44:37","slug":"lassociation","status":"publish","type":"page","link":"https:\/\/domes-en-choeur.org\/index.php\/lassociation\/","title":{"rendered":"L&rsquo;association"},"content":{"rendered":"\n<h2 class=\"wp-block-heading\">Bureau 2025\/26<\/h2>\n\n\n\n<p class=\"has-colibri-color-6-color has-text-color has-medium-font-size\">L&rsquo;assembl\u00e9e g\u00e9n\u00e9rale de l&rsquo;association a eu lieu le premier octobre 2025 et a proc\u00e9d\u00e9 \u00e0 l&rsquo;\u00e9lection du nouveau bureau :<\/p>\n\n\n\n<ul class=\"wp-block-list\">\n<li>Pr\u00e9sidente : Marion DORDAIN<\/li>\n\n\n\n<li>Tr\u00e9sori\u00e8re  : Anne-Marie MONIER<\/li>\n\n\n\n<li>Secr\u00e9taire : Nathalie BEJOT-SEEBOTH<\/li>\n<\/ul>\n\n\n\n<p class=\"has-colibri-color-6-color has-text-color has-medium-font-size\"><strong>Composition du bureau 2025\/26<\/strong><\/p>\n\n\n\n<ul class=\"wp-block-list\">\n<li>Nathalie BEJOT-SEEBOTH<\/li>\n\n\n\n<li>Nicole CHAPELLE<\/li>\n\n\n\n<li>Marion DORDAIN<\/li>\n\n\n\n<li>Bernard ISSERT<\/li>\n\n\n\n<li>Anne-Marie MONIER<\/li>\n\n\n\n<li>Annick NOLF<\/li>\n\n\n\n<li>Marie-Laure PINAUD<\/li>\n\n\n\n<li>Jacques PRUGNAUD<\/li>\n\n\n\n<li>Roland REVERSEAU<\/li>\n\n\n\n<li>Dalia SALA<\/li>\n\n\n\n<li>Fran\u00e7oise TROADEC<\/li>\n<\/ul>\n\n\n\n<p><\/p>\n\n\n\n<p><\/p>\n\n\n\n<h4 class=\"wp-block-heading has-medium-font-size\"><\/h4>\n","protected":false},"excerpt":{"rendered":"<p>Bureau 2025\/26 L&rsquo;assembl\u00e9e g\u00e9n\u00e9rale de l&rsquo;association a eu lieu le premier octobre 2025 et a proc\u00e9d\u00e9 \u00e0 l&rsquo;\u00e9lection du nouveau bureau : Composition du bureau 2025\/26<\/p>\n","protected":false},"author":1,"featured_media":0,"parent":0,"menu_order":0,"comment_status":"closed","ping_status":"closed","template":"","meta":{"footnotes":""},"class_list":["post-104","page","type-page","status-publish","hentry"],"_links":{"self":[{"href":"https:\/\/domes-en-choeur.org\/index.php\/wp-json\/wp\/v2\/pages\/104","targetHints":{"allow":["GET"]}}],"collection":[{"href":"https:\/\/domes-en-choeur.org\/index.php\/wp-json\/wp\/v2\/pages"}],"about":[{"href":"https:\/\/domes-en-choeur.org\/index.php\/wp-json\/wp\/v2\/types\/page"}],"author":[{"embeddable":true,"href":"https:\/\/domes-en-choeur.org\/index.php\/wp-json\/wp\/v2\/users\/1"}],"replies":[{"embeddable":true,"href":"https:\/\/domes-en-choeur.org\/index.php\/wp-json\/wp\/v2\/comments?post=104"}],"version-history":[{"count":14,"href":"https:\/\/domes-en-choeur.org\/index.php\/wp-json\/wp\/v2\/pages\/104\/revisions"}],"predecessor-version":[{"id":962,"href":"https:\/\/domes-en-choeur.org\/index.php\/wp-json\/wp\/v2\/pages\/104\/revisions\/962"}],"wp:attachment":[{"href":"https:\/\/domes-en-choeur.org\/index.php\/wp-json\/wp\/v2\/media?parent=104"}],"curies":[{"name":"wp","href":"https:\/\/api.w.org\/{rel}","templated":true}]}}